{"id":175,"date":"2016-02-12T17:43:51","date_gmt":"2016-02-12T15:43:51","guid":{"rendered":"http:\/\/www.lebenswerter-braubach.de\/?page_id=175"},"modified":"2016-03-07T11:29:28","modified_gmt":"2016-03-07T09:29:28","slug":"die-gruendung","status":"publish","type":"page","link":"http:\/\/www.lebenswerter-braubach.de\/?page_id=175","title":{"rendered":"Vereinsgr\u00fcndung"},"content":{"rendered":"<p style=\"text-align: justify;\">Die B\u00fcrgerinitiative \u201eBraubach\u00a0lebenswerter\u00a0e.V.\u201c wurde am 01.\u00a0Juli\u00a02013 im Gemeindesaal des Katholischen Pfarrzentrums gegr\u00fcndet.<\/p>\n<p style=\"text-align: justify;\">Nahezu 100 interessierte Braubacher B\u00fcrgerinnen und B\u00fcrger waren der Einladung zur Gr\u00fcndungsversammlung durch die beiden Initiatoren Helmut Veit und Markus Fischer gefolgt.<\/p>\n<div id=\"attachment_181\" style=\"width: 650px\" class=\"wp-caption aligncenter\"><a href=\"http:\/\/www.lebenswerter-braubach.de\/wp-content\/uploads\/2016\/02\/2013-BI-Gr\u00fcndung-2.jpg\"><img loading=\"lazy\" decoding=\"async\" aria-describedby=\"caption-attachment-181\" class=\"wp-image-181 size-large\" src=\"http:\/\/www.lebenswerter-braubach.de\/wp-content\/uploads\/2016\/02\/2013-BI-Gr\u00fcndung-2-1024x511.jpg\" alt=\"Gr\u00fcndungsversammlung im katholischen Pfarrzentrum (Juli 2013)\" width=\"640\" height=\"319\" srcset=\"http:\/\/www.lebenswerter-braubach.de\/wp-content\/uploads\/2016\/02\/2013-BI-Gr\u00fcndung-2-1024x511.jpg 1024w, http:\/\/www.lebenswerter-braubach.de\/wp-content\/uploads\/2016\/02\/2013-BI-Gr\u00fcndung-2-300x150.jpg 300w\" sizes=\"auto, (max-width: 640px) 100vw, 640px\" \/><\/a><p id=\"caption-attachment-181\" class=\"wp-caption-text\">Gr\u00fcndungsversammlung im katholischen Pfarrzentrum (01. Juli 2013)<\/p><\/div>\n<p style=\"text-align: justify;\">Ziel des frisch gegr\u00fcndeten Vereins ist es, Wege zu finden, um Braubach von der nicht mehr ertragbaren Verkehrssituation in der Innenstadt zu entlasten und damit die Lebensqualit\u00e4t dieser sch\u00f6nen Stadt deutlich zu verbessern.<\/p>\n<p style=\"text-align: center;\"><strong>Die B\u00fcrgerinitiative \u201eBraubach lebenswerter e.V.\u201c<br \/>\nist politisch neutral und verfolgt<br \/>\nausschlie\u00dflich gemeinn\u00fctzige Zwecke!<\/strong><\/p>\n<p style=\"text-align: justify;\">Unsere Hauptaufgabe sehen wir darin, L\u00f6sungen f\u00fcr eine bessere Verkehrssituation zu suchen, um diese gemeinsam mit den zust\u00e4ndigen politischen Gremien und verantwortlichen Beh\u00f6rden zu er\u00f6rtern und wenn m\u00f6glich zu realisieren.<\/p>\n","protected":false},"excerpt":{"rendered":"<p>Die B\u00fcrgerinitiative \u201eBraubach\u00a0lebenswerter\u00a0e.V.\u201c wurde am 01.\u00a0Juli\u00a02013 im Gemeindesaal des Katholischen Pfarrzentrums gegr\u00fcndet. Nahezu 100 interessierte Braubacher B\u00fcrgerinnen und B\u00fcrger waren der Einladung zur Gr\u00fcndungsversammlung durch die beiden Initiatoren Helmut Veit und Markus Fischer gefolgt. Ziel des frisch gegr\u00fcndeten Vereins ist &hellip; <a href=\"http:\/\/www.lebenswerter-braubach.de\/?page_id=175\">Weiterlesen <span class=\"meta-nav\">&rarr;<\/span><\/a><\/p>\n","protected":false},"author":8,"featured_media":0,"parent":0,"menu_order":0,"comment_status":"closed","ping_status":"closed","template":"","meta":{"footnotes":"","_links_to":"","_links_to_target":""},"class_list":["post-175","page","type-page","status-publish","hentry"],"_links":{"self":[{"href":"http:\/\/www.lebenswerter-braubach.de\/index.php?rest_route=\/wp\/v2\/pages\/175","targetHints":{"allow":["GET"]}}],"collection":[{"href":"http:\/\/www.lebenswerter-braubach.de\/index.php?rest_route=\/wp\/v2\/pages"}],"about":[{"href":"http:\/\/www.lebenswerter-braubach.de\/index.php?rest_route=\/wp\/v2\/types\/page"}],"author":[{"embeddable":true,"href":"http:\/\/www.lebenswerter-braubach.de\/index.php?rest_route=\/wp\/v2\/users\/8"}],"replies":[{"embeddable":true,"href":"http:\/\/www.lebenswerter-braubach.de\/index.php?rest_route=%2Fwp%2Fv2%2Fcomments&post=175"}],"version-history":[{"count":0,"href":"http:\/\/www.lebenswerter-braubach.de\/index.php?rest_route=\/wp\/v2\/pages\/175\/revisions"}],"wp:attachment":[{"href":"http:\/\/www.lebenswerter-braubach.de\/index.php?rest_route=%2Fwp%2Fv2%2Fmedia&parent=175"}],"curies":[{"name":"wp","href":"https:\/\/api.w.org\/{rel}","templated":true}]}}

Vereinsgründung

<p style="text-align: justify;">Die Bürgerinitiative „Braubach lebenswerter e.V.“ wurde am 01. Juli 2013 im Gemeindesaal des Katholischen Pfarrzentrums gegründet.</p>
<p style="text-align: justify;">Nahezu 100 interessierte Braubacher Bürgerinnen und Bürger waren der Einladung zur Gründungsversammlung durch die beiden Initiatoren Helmut Veit und Markus Fischer gefolgt.</p>
<div id="attachment_181" style="width: 650px" class="wp-caption aligncenter"><a href="http://www.lebenswerter-braubach.de/wp-content/uploads/2016/02/2013-BI-Gründung-2.jpg"><img loading="lazy" decoding="async" aria-describedby="caption-attachment-181" class="wp-image-181 size-large" src="http://www.lebenswerter-braubach.de/wp-content/uploads/2016/02/2013-BI-Gründung-2-1024x511.jpg" alt="Gründungsversammlung im katholischen Pfarrzentrum (Juli 2013)" width="640" height="319" srcset="http://www.lebenswerter-braubach.de/wp-content/uploads/2016/02/2013-BI-Gründung-2-1024x511.jpg 1024w, http://www.lebenswerter-braubach.de/wp-content/uploads/2016/02/2013-BI-Gründung-2-300x150.jpg 300w" sizes="auto, (max-width: 640px) 100vw, 640px" /></a><p id="caption-attachment-181" class="wp-caption-text">Gründungsversammlung im katholischen Pfarrzentrum (01. Juli 2013)</p></div>
<p style="text-align: justify;">Ziel des frisch gegründeten Vereins ist es, Wege zu finden, um Braubach von der nicht mehr ertragbaren Verkehrssituation in der Innenstadt zu entlasten und damit die Lebensqualität dieser schönen Stadt deutlich zu verbessern.</p>
<p style="text-align: center;"><strong>Die Bürgerinitiative „Braubach lebenswerter e.V.“<br />
ist politisch neutral und verfolgt<br />
ausschließlich gemeinnützige Zwecke!</strong></p>
<p style="text-align: justify;">Unsere Hauptaufgabe sehen wir darin, Lösungen für eine bessere Verkehrssituation zu suchen, um diese gemeinsam mit den zuständigen politischen Gremien und verantwortlichen Behörden zu erörtern und wenn möglich zu realisieren.</p>

<p>Die Bürgerinitiative „Braubach lebenswerter e.V.“ wurde am 01. Juli 2013 im Gemeindesaal des Katholischen Pfarrzentrums gegründet. Nahezu 100 interessierte Braubacher Bürgerinnen und Bürger waren der Einladung zur Gründungsversammlung durch die beiden Initiatoren Helmut Veit und Markus Fischer gefolgt. Ziel des frisch gegründeten Vereins ist &hellip; <a href="http://www.lebenswerter-braubach.de/?page_id=175">Weiterlesen <span class="meta-nav">&rarr;</span></a></p>
