{"id":369,"date":"2016-03-05T18:50:48","date_gmt":"2016-03-05T16:50:48","guid":{"rendered":"http:\/\/www.lebenswerter-braubach.de\/?page_id=369"},"modified":"2016-04-08T12:50:43","modified_gmt":"2016-04-08T10:50:43","slug":"ergebnis-lbm-voruntersuchung-2015","status":"publish","type":"page","link":"http:\/\/www.lebenswerter-braubach.de\/?page_id=369","title":{"rendered":"Sachstand M\u00e4rz 2016 LBM-Voruntersuchung"},"content":{"rendered":"<p style=\"text-align: justify;\">Die Voruntersuchung des LBM brachte\u00a0zwei m\u00f6gliche Tunnelvarianten hervor. Variante 2 basiert auf den L\u00f6sungsvorschl\u00e4gen der B\u00fcrgerinitiative Braubach lebenswerter e.V. und wird wie Variante 1 auch, planungstechnisch weiterverfolgt. Auf diesen Erfolg sind wir\u00a0sehr stolz.<\/p>\n<p style=\"text-align: justify;\"><span style=\"text-decoration: underline;\"><strong>Variante 1 &#8211; LBM-Vorschlag:<\/strong><\/span> <strong>&#8222;Umgehung Marksburgberg&#8220;<\/strong><br \/>\nDie Variante 1 \u00e4hnelt den alten Planungen aus den 90er Jahren und sieht eine Untertunnelung des Marksburgberges vor. Die Tunnell\u00e4nge liegt bei etwa 150m und w\u00fcrde noch innerorts auf der Dachsenh\u00e4user Stra\u00dfe einm\u00fcnden. Nach heutigen Ma\u00dfst\u00e4ben\u00a0w\u00fcrden die Baukosten etwa 16 Millionen Euro (brutto) betragen.<\/p>\n<p style=\"text-align: justify;\"><span style=\"text-decoration: underline;\"><strong>Variante 2 &#8211; BI-Vorschlag:<\/strong><\/span> <strong>&#8222;Umgehung Martinskapelle&#8220;<\/strong><br \/>\nDie Variante 2 wurde auf den Vorschl\u00e4gen der B\u00fcrgerinitiative Braubach lebenswerter e.V. weiterentwickelt. Diese Variante sieht eine Untertunnelung im Bereich der Martinskapelle vor. Im Vergleich zur Variante 1 w\u00e4re der Tunnel mit etwa 100m L\u00e4nge entsprechend k\u00fcrzer. Au\u00dferdem w\u00fcrde die Umgehungsstra\u00dfe au\u00dferorts auf die L335 m\u00fcnden und somit eine g\u00e4nzliche Ortsumfahrt darstellen. Trotz k\u00fcrzerem Tunnel\u00a0w\u00e4re diese Variante allerdings deutlich l\u00e4nger in ihrer Gesamtausf\u00fchrung. Eine Umsetzung w\u00fcrde etwa 18,9 Millionen Euro (brutto) betragen. Parallel zur Tunnell\u00f6sung der Variante 2 wird auch eine m\u00f6gliche \u00dcberfahrung im Bereich hinter der Martinskapelle anstelle eines Tunnels weiterverfolgt.<\/p>\n<div id=\"attachment_375\" style=\"width: 650px\" class=\"wp-caption aligncenter\"><a href=\"http:\/\/www.lebenswerter-braubach.de\/wp-content\/uploads\/2016\/03\/Tunnell\u00f6sungen-Variante-1-und-2-Internet-3.jpg\"><img loading=\"lazy\" decoding=\"async\" aria-describedby=\"caption-attachment-375\" class=\"wp-image-375 size-large\" src=\"http:\/\/www.lebenswerter-braubach.de\/wp-content\/uploads\/2016\/03\/Tunnell\u00f6sungen-Variante-1-und-2-Internet-3-1024x858.jpg\" alt=\"Tunnell\u00f6sungen Variante 1 und 2 Internet 3\" width=\"640\" height=\"536\" srcset=\"http:\/\/www.lebenswerter-braubach.de\/wp-content\/uploads\/2016\/03\/Tunnell\u00f6sungen-Variante-1-und-2-Internet-3-1024x858.jpg 1024w, http:\/\/www.lebenswerter-braubach.de\/wp-content\/uploads\/2016\/03\/Tunnell\u00f6sungen-Variante-1-und-2-Internet-3-300x251.jpg 300w\" sizes=\"auto, (max-width: 640px) 100vw, 640px\" \/><\/a><p id=\"caption-attachment-375\" class=\"wp-caption-text\">Quelle: LBM Diez &#8212;&#8212;&#8212;- Erstellt: Manns Ingenieure<\/p><\/div>\n<p style=\"text-align: justify;\">Beide Varianten beginnen\u00a0mit einer St\u00e4nderstra\u00dfe in H\u00f6he des ehemaligen Sportplatzes auf der B42 vor dem Ortseingang Braubach.<\/p>\n<p style=\"text-align: justify;\"><span style=\"text-decoration: underline;\">Wichtiger Hinweis:<\/span><br \/>\n<strong><em>Beide Varianten stellen &#8222;nur&#8220; das Ergebnis der &#8222;Voruntersuchung&#8220; dar. Eine abschlie\u00dfende L\u00f6sung und Umsetzung kann sp\u00e4ter deutlich von den\u00a0aktuell vorgestellten\u00a0Varianten abweichen.<\/em><\/strong><\/p>\n<p style=\"text-align: justify;\">Das LBM Diez hat angeboten, uns auch zuk\u00fcnftig in die weiteren Planungsabl\u00e4ufe einzubinden.\u00a0So werden wir, die\u00a0B\u00fcrgerinitiative Braubach lebenswerter e.V.,\u00a0uns\u00a0auch weiterhin, aktiv\u00a0in anstehenden Planungsprozessen mit Rat und Tat einbringen. Eine spannende Zeit liegt nun vor uns.<\/p>\n","protected":false},"excerpt":{"rendered":"<p>Die Voruntersuchung des LBM brachte\u00a0zwei m\u00f6gliche Tunnelvarianten hervor. Variante 2 basiert auf den L\u00f6sungsvorschl\u00e4gen der B\u00fcrgerinitiative Braubach lebenswerter e.V. und wird wie Variante 1 auch, planungstechnisch weiterverfolgt. Auf diesen Erfolg sind wir\u00a0sehr stolz. Variante 1 &#8211; LBM-Vorschlag: &#8222;Umgehung Marksburgberg&#8220; Die &hellip; <a href=\"http:\/\/www.lebenswerter-braubach.de\/?page_id=369\">Weiterlesen <span class=\"meta-nav\">&rarr;<\/span><\/a><\/p>\n","protected":false},"author":8,"featured_media":0,"parent":0,"menu_order":0,"comment_status":"closed","ping_status":"closed","template":"","meta":{"footnotes":"","_links_to":"","_links_to_target":""},"class_list":["post-369","page","type-page","status-publish","hentry"],"_links":{"self":[{"href":"http:\/\/www.lebenswerter-braubach.de\/index.php?rest_route=\/wp\/v2\/pages\/369","targetHints":{"allow":["GET"]}}],"collection":[{"href":"http:\/\/www.lebenswerter-braubach.de\/index.php?rest_route=\/wp\/v2\/pages"}],"about":[{"href":"http:\/\/www.lebenswerter-braubach.de\/index.php?rest_route=\/wp\/v2\/types\/page"}],"author":[{"embeddable":true,"href":"http:\/\/www.lebenswerter-braubach.de\/index.php?rest_route=\/wp\/v2\/users\/8"}],"replies":[{"embeddable":true,"href":"http:\/\/www.lebenswerter-braubach.de\/index.php?rest_route=%2Fwp%2Fv2%2Fcomments&post=369"}],"version-history":[{"count":0,"href":"http:\/\/www.lebenswerter-braubach.de\/index.php?rest_route=\/wp\/v2\/pages\/369\/revisions"}],"wp:attachment":[{"href":"http:\/\/www.lebenswerter-braubach.de\/index.php?rest_route=%2Fwp%2Fv2%2Fmedia&parent=369"}],"curies":[{"name":"wp","href":"https:\/\/api.w.org\/{rel}","templated":true}]}}